divisor of 480 and 15?
15
Calculate the highest common factor of 20 and 390.
10
What is the greatest common factor of 18 and 1521?
9
What is the greatest common divisor of 1878 and 6?
6
What is the greatest common divisor of 224 and 98?
14
What is the greatest common divisor of 121 and 1386?
11
Calculate the highest common factor of 1017 and 1243.
113
Calculate the greatest common factor of 52 and 8.
4
What is the greatest common divisor of 476 and 196?
28
Calculate the greatest common divisor of 60515 and 245.
245
What is the highest common factor of 804 and 12?
12
Calculate the highest common factor of 1807 and 139.
139
Calculate the greatest common divisor of 1251 and 9.
9
Calculate the highest common divisor of 2639 and 13.
13
Calculate the highest common factor of 15 and 1455.
15
Calculate the highest common divisor of 1426 and 31.
31
What is the highest common divisor of 102 and 2686?
34
What is the highest common factor of 275 and 150?
25
What is the highest common divisor of 1224 and 108?
36
Calculate the highest common divisor of 54 and 1098.
18
Calculate the greatest common divisor of 2109 and 19.
19
What is the highest common divisor of 11200 and 192?
64
Calculate the greatest common factor of 1325 and 25.
25
What is the greatest common factor of 15 and 1200?
15
Calculate the greatest common divisor of 75 and 600.
75
Calculate the greatest common factor of 1386 and 297.
99
Calculate the greatest common divisor of 3240 and 200.
40
What is the highest common factor of 16 and 32?
16
Calculate the highest common divisor of 2 and 17.
1
What is the greatest common factor of 24 and 872?
8
What is the greatest common divisor of 24 and 4?
4
What is the greatest common divisor of 220 and 385?
55
Calculate the highest common divisor of 82 and 41.
41
What is the highest common factor of 95 and 57?
19
What is the highest common divisor of 2781 and 27?
27
Calculate the greatest common divisor of 328 and 8.
8
Calculate the greatest common divisor of 1827 and 4959.
261
Calculate the greatest common divisor of 264 and 16.
8
Calculate the highest common divisor of 10670 and 550.
110
What is the highest common factor of 18 and 2?
2
What is the greatest common divisor of 935 and 55?
55
What is the greatest common divisor of 15888 and 60?
12
What is the greatest common divisor of 2728 and 3751?
341
What is the greatest common factor of 34 and 51?
17
What is the greatest common divisor of 24 and 300?
12
Calculate the greatest common factor of 38 and 2.
2
Calculate the greatest common divisor of 80 and 370.
10
What is the greatest common factor of 1 and 18?
1
What is the highest common divisor of 272 and 3026?
34
Calculate the highest common divisor of 1 and 237.
1
What is the greatest common factor of 4 and 28?
4
What is the greatest common divisor of 8043 and 42?
21
Calculate the greatest common divisor of 1079 and 39.
13
Calculate the highest common divisor of 20 and 590.
10
Calculate the greatest common divisor of 3135 and 19.
19
Calculate the greatest common factor of 315 and 84.
21
Calculate the greatest common factor of 109 and 5123.
109
Calculate the highest common divisor of 11336 and 104.
104
Calculate the highest common divisor of 4 and 44492.
4
Calculate the highest common divisor of 31046 and 172.
86
What is the highest common factor of 68 and 204?
68
What is the greatest common factor of 36 and 4?
4
What is the greatest common divisor of 495 and 6525?
45
What is the highest common factor of 600 and 78?
6
Calculate the highest common factor of 5 and 3.
1
Calculate the highest common factor of 1218 and 42.
42
Calculate the highest common divisor of 91 and 119.
7
What is the highest common divisor of 11 and 8?
1
What is the greatest common divisor of 143 and 11?
11
Calculate the highest common divisor of 4 and 39320.
4
What is the highest common factor of 18 and 2532?
6
What is the highest common divisor of 1380 and 805?
115
What is the greatest common divisor of 1177 and 11?
11
What is the highest common factor of 258 and 4?
2
Calculate the greatest common factor of 2278 and 425.
17
What is the greatest common divisor of 96 and 1452?
12
Calculate the highest common divisor of 429 and 198.
33
What is the greatest common divisor of 209 and 2413?
19
Calculate the highest common divisor of 132 and 44.
44
What is the highest common factor of 72 and 162?
18
Calculate the greatest common divisor of 67 and 1072.
67
What is the greatest common factor of 720 and 30?
30
Calculate the greatest common factor of 48 and 48.
48
Calculate the highest common factor of 470 and 270.
10
What is the highest common divisor of 2380 and 1972?
68
What is the highest common factor of 231 and 1232?
77
What is the greatest common factor of 8 and 3?
1
Calculate the greatest common factor of 1048 and 24.
8
Calculate the greatest common factor of 855 and 45.
45
What is the greatest common divisor of 3113 and 165?
11
Calculate the highest common divisor of 6963 and 66.
33
What is the highest common divisor of 44 and 77?
11
What is the greatest common divisor of 408 and 48?
24
Calculate the greatest common factor of 273 and 78.
39
What is the greatest common factor of 88 and 632?
8
What is the highest common factor of 288 and 2184?
24
What is the greatest common factor of 502 and 12?
2
What is the highest common divisor of 726 and 198?
66
What is the greatest common factor of 7 and 1246?
7
What is the highest common divisor of 57 and 152?
19
What is the highest common factor of 27 and 36?
9
What is the greatest common factor of 102 and 782?
34
What is the greatest common factor of 598 and 230?
46
Calculate the highest common factor of 539 and 77.
77
Calculate the greatest common divisor of 324 and 14472.
108
Calculate the highest common factor of 714 and 13804.
238
What is the greatest common divisor of 51 and 119289?
51
Calculate the highest common divisor of 240 and 360.
120
What is the greatest common factor of 168 and 5082?
42
What is the highest common divisor of 40 and 180?
20
Calculate the highest common factor of 164 and 32.
4
What is the highest common factor of 45 and 7470?
45
Calculate the greatest common factor of 88 and 20.
4
What is the greatest common divisor of 249 and 415?
83
Calculate the highest common factor of 144 and 144.
144
What is the greatest common factor of 21 and 9422?
7
Calculate the greatest common factor of 2528 and 32.
32
What is the highest common factor of 1071 and 51?
51
Calculate the highest common divisor of 385 and 1485.
55
Calculate the highest common divisor of 7712 and 64.
32
What is the greatest common factor of 1180 and 59?
59
What is the highest common divisor of 127 and 1397?
127
What is the greatest common divisor of 65 and 640?
5
What is the greatest common factor of 40 and 3?
1
What is the highest common factor of 29 and 1856?
29
What is the highest common factor of 95 and 29545?
95
Calculate the highest common factor of 15 and 96.
3
What is the greatest common divisor of 3658 and 124?
62
Calculate the highest common factor of 475 and 25.
25
Calculate the greatest common divisor of 44 and 11.
11
Calculate the highest common factor of 63 and 1407.
21
Calculate the highest common factor of 360 and 9180.
180
Calculate the highest common factor of 592 and 352.
16
Calculate the greatest common divisor of 59 and 1475.
59
Calculate the highest common divisor of 81 and 351.
27
Calculate the greatest common factor of 101 and 12019.
101
Calculate the highest common divisor of 837 and 2263.
31
What is the highest common factor of 30 and 96?
6
What is the greatest common divisor of 6817 and 34?
17
What is the highest common divisor of 243 and 2727?
27
Calculate the greatest common divisor of 16 and 72.
8
What is the greatest common factor of 174 and 580?
58
Calculate the greatest common divisor of 231 and 11718.
21
Calculate the highest common factor of 22 and 298.
2
Calculate the highest common factor of 39 and 4251.
39
What is the greatest common divisor of 242 and 15488?
242
What is the highest common divisor of 25593 and 57?
57
What is the highest common divisor of 350 and 112?
14
Calculate the highest common divisor of 94 and 2350.
94
Calculate the highest common divisor of 119 and 34.
17
Calculate the greatest common divisor of 2